0 - (-18 - -17))?
1
Evaluate 2 + (-4 - -3) - 0.
1
Evaluate (-4 - (-6 + 0)) + 1 + -4.
-1
What is the value of 2 - ((-6 - (-1 + -1)) + 3)?
3
Evaluate 2 - 4 - (0 + -2).
0
Evaluate -3 + 3 + (3 - 3) - 5.
-5
Evaluate -7 - (-7 - (6 + -6)).
0
What is the value of -5 + -1 + (-3 - -9)?
0
(4 - -4) + -10 - (2 - -1)
-5
Calculate -6 + (-4 - (-4 - -1) - -4).
-3
2 + 1 + (-8 - -4) - 4
-5
What is 3 - (2 - (-1 + -4))?
-4
1 - ((0 - -2) + -4 + -1)
4
Calculate 3 + (5 - 7) + 1 + 5.
7
-2 - (1 + 0) - -3
0
Evaluate (4 - (-5 + 4 - -1)) + -4.
0
What is 8 + -3 + -7 + 1?
-1
Calculate 0 + (7 - -3) - 8.
2
Calculate 0 + 3 + (0 - -4).
7
Evaluate 7 - (6 + 2 + -3).
2
-7 - -5 - (2 + -5)
1
Evaluate 8 - (1 - (4 - 8)).
3
What is the value of (-11 - -10) + 3 + (-1 - 3)?
-2
Evaluate 8 + -18 + 0 + (7 - 0).
-3
What is the value of (-4 - -2) + (1 + 2 - 1)?
0
Calculate (0 + 0 - 2) + 68 + -70.
-4
What is the value of (3 + -7 - -3) + (-5 - -1)?
-5
Calculate 3 + (1 - 1 - (-1 + 5)).
-1
Evaluate (5 + -10 - (-2 + 2)) + 6.
1
What is 11 + -1 - (-21 - -26)?
5
(8 - (0 + 7)) + (8 - 8)
1
Calculate 1 - (3 - (-4 + (5 - 0))).
-1
0 - ((3 - -1) + -1)
-3
Evaluate -1 - (3 - -1) - -1 - -3.
-1
Calculate -4 + 8 + -1 - 6.
-3
What is -2 + (6 - 1) + -8?
-5
Evaluate 6 + (2 - 4) + 3 + -3.
4
13 + -22 + 9 - 5
-5
-5 + -3 + 1 - -4
-3
What is the value of 2 - 6 - (1 + -1 + -1)?
-3
Evaluate 2 - (-1 - 3 - -4).
2
-2 - 4 - (46 - 59)
7
What is the value of (-2 - -1) + (5 - 2 - 3)?
-1
Evaluate -6 + (8 + 2 + -5 - 4).
-5
What is the value of 0 + 2 + -4 + -2 + 2?
-2
Calculate -1 + (1 - 1 - (11 + -10)).
-2
What is (2 - (4 - 3)) + -1 + -4?
-4
What is 4 + -2 + (-1 - (-4 - -2))?
3
Evaluate 6 + (2 - 19 - -8).
-3
Evaluate -11 + -2 + 15 - (0 - 1).
3
What is (-26 + 13 - -17) + 2?
6
What is the value of 0 + (-4 - -4) - -1?
1
What is 4 + (-6 + 3 - 3)?
-2
-11 + 12 + (0 - 0)
1
Evaluate -21 + 13 - (-6 + 0).
-2
What is -4 + (5 - 1) + 7 + -6?
1
What is -4 - -5 - -1 - (2 + -2)?
2
What is the value of -4 + (4 - (9 + -10 + 2))?
-1
Calculate -82 + 81 - (-8 + (1 - 0)).
6
What is the value of -7 - (-8 - 7 - -7)?
1
What is (-33 - -30) + 2 + 0 + 2?
1
What is the value of -7 + (3 - 3) + 3?
-4
-14 - -21 - (-1 - -3)
5
What is 1 + (-4 - -2 - -6)?
5
Evaluate 2 + -13 - (-23 - -5).
7
Calculate (1 - 3) + -43 + 40.
-5
Calculate -5 + (-3 - -7) + 3.
2
What is the value of (-6 - -5) + 0 - (0 + -2)?
1
Evaluate -47 + 51 - (3 - 0).
1
-4 + 6 - (0 + 3) - 2
-3
What is the value of 38 + -39 + (0 - -3) - 0?
2
(-5 - (1 - 0)) + 2
-4
What is 3 + (-9 - -4) + -3?
-5
What is (-2 - -2) + 0 + (7 - 2)?
5
Calculate -2 - ((-6 - 4) + 4).
4
Evaluate 5 - ((2 + 12 - 5) + -4).
0
Evaluate -10 + (22 + -6 - -1).
7
What is (-4 - -2) + -2 - (-5 + -1)?
2
What is the value of (7 - 14 - -21) + -5?
9
Evaluate -10 + (-4 - -11) + 10.
7
What is the value of (0 - -4) + (7 - 8) - 6?
-3
Calculate (-4 - -16) + (-20 - -3).
-5
Evaluate 2 - 4 - (0 - 0) - -2.
0
Calculate 6 + (0 + 0 - 2).
4
Calculate 2 - 0 - (-5 + 11) - -2.
-2
What is the value of -4 + 14 + (4 - (3 + 4))?
7
(7 - 17 - -10) + 7
7
7 + -2 + (-15 - -2)
-8
Evaluate (-1 - -6) + -5 + -1.
-1
Calculate 8 + (1 - 8 - 4).
-3
Evaluate (-4 - (-1 - 2)) + -3.
-4
Evaluate -4 + (7 - -2) + -3 + -5.
-3
What is -7 + (5 + -11 - 1) + 5?
-9
Calculate (33 + -34 - (1 + 4)) + 5.
-1
Evaluate -4 + -1 + 9 + -7.
-3
What is -5 + 1 + -24 + 33?
5
What is -1 - (1 + 4 + -2)?
-4
Calculate 6 + (-2 - -4) - 7.
1
3 + (-3 + 0 - 1)
-1
(-4 + 4 - 1) + -4
-5
Calculate -26 - -12 - -12 - -13.
11
Evaluate 6 + -6 + (-4 - -7).
3
What is the value of 5 - (6 - (6 - 12))?
-7
Calculate (-2 + 4 + 8 - 8) + -3.
-1
Calculate -11 + (21 - 9 - 9).
-8
What is -6 + 1 - (-10 - 7 - -11)?
1
What is the value of 8 + (-4 - 1) - 1?
2
What is the value of 6 + -2 + (-3 - (-5 + 3))?
3
Calculate -3 + (-3 - (-2 + -1)) + 4.
1
-8 - -2 - (-5 + -7)
6
What is (-28 - -37) + -1 + 0 + -3?
5
-2 + (1 + 1 + -2 - -3)
1
(2 - 9 - (-3 + -2)) + 6
4
What is the value of -4 + (-5 - -6) + -1?
-4
Evaluate -7 - (-1 + (-15 - (7 + -6))).
10
6 + (1 - 2 - (17 - 8))
-4
What is 5 + 1 + -2 + -7 + 6?
3
Evaluate -16 + 9 + (12 - 10).
-5
What is the value of (-2 + -2 - -3) + (1 - -1)?
1
What is the value of 0 + -4 - (1 - (-1 + 3))?
-3
What is the value of (-16 - -10) + 4 + (-1 - -5)?
2
5 - 1 - (-6 + 15)
-5
(2 - (5 + -9)) + -4
2
Calculate -10 + (13 - -3) - (1 + 2).
3
5 + -5 - (-9 + 3)
6
Evaluate 1 - (2 + 5 + -4 + 1).
-3
What is 2 + (-10 - (-10 + 0))?
2
What is the value of 0 + (-3 - (-1 - 1))?
-1
Calculate 3 - (2 + -1) - (-10 - -6).
6
Calculate 9 + (-9 + 10 - 8).
2
Evaluate -4 + 2 + (9 - 6) + -1.
0
What is the value of 4 + (2 - -3) - (0 + 3)?
6
What is the value of 13 + 5 - 8 - 7?
3
Evaluate -3 + 9 + -3 - -2.
5
What is the value of -11 + 4 - 0 - (-3 - -4)?
-8
What is the value of 1 + -14 + 6 + 3?
-4
2 + 2 + (-7 - -5) + 2
4
Calculate (-9 - -16) + -11 - -8.
4
7 + -5 + -8 + 10
4
What is the value of (1 + 3 - 2) + 0?
2
0 + 8 - (-4 - -8)
4
What is the value of -13 + -7 + 12 + 2 + 1?
-5
What is 3 + (6 - (7 - 0))?
2
What is 13 - 7 - (-3 + 2 - 0)?
7
What is -5 - (-5 + (6 - 3))?
-3
What is the value of 0 + -4 + (-158 - -159)?
-3
Calculate 2 - (2 - -3 - -1).
-4
11 + (-6 - (2 + -1))
4
What is -2 + (3 - 3 - 1) + 0?
-3
What is the value of 3 + -11 - (-14 - -12)?
-6
Calculate (1 + 3 + -8 - -2) + 1.
-1
Evaluate -20 - -19 - (-5 - 0).
4
Calculate 4 - (-8 + 1 - -7).
4
What is the value of 9 + -16 + (-1 + 0 - -3)?
-5
What is 0 - ((7 - 1) + (-20 - -13))?
1
Evaluate (-3 - -12) + 9 + 0 - 7.
11
What is 6 - (10 - 14 - (-6 + -2))?
2
(6 - (-4 - -9)) + -5
-4
What is -6 + 0 + 2 - (-28 + 17)?
7
What is the value of (5 + -7 - 6) + 7 - -7?
6
Calculate -13 - (-4 - (8 + (2 - 10))).
-9
(3 - 14) + (1 - -11)
1
What is -17 - -2 - (-15 - -4)?
-4
Evaluate 30 + -27 + (1 - 3 - 2).
-1
What is the value of 1 + -7 + 7 + 0?
1
Calculate (2 - (-9 - -9)) + -12.
-10
-2 + 2 + -2 + (-4 - -6)
0
-4 + (-6 + 12 - (2 - 2))
2
Evaluate -5 - -1 - (4 + -4 + 0).
-4
-1 + (-1 - 12 - (-34 + 27))
-7
What is the value of 2 + 3 - 3 - 5 - 2?
-5
What is -3 - (-56 + 55 - (0 - -3))?
1
191 + -201 - (-1 + -5)
-4
0 + -1 - (-1 + -2)
2
Calculate -3 + -4 + 4 - -3.
0
What is 3 + (-6 - -4) + 3?
4
Evaluate 0 - (1 + -3 + 2).
0
What is the value of 9 + 4 + -10 + 2 + 2?
7
-9 - (4 + (6 - 14))
-5
What is the value of -2 + 1 + (-8 - -6)?
-3
Evaluate -9 + 5 + 1 + 0.
-3
Evaluate -9 + (3 - (-1 + 5) - -7).
-3
What is the value of -126 - -119 - (-1 + 0)?
-6
What is the value of (-2 + (0 - -2) - 3) + 3?
0
-5 - (12 + -6 + -5 - -1)
-7
What is (-2 - -9) + -4 + (-6 - 2)?
-5
What is the value of 6 + -3 + 5 + -4 - 0?
4
Calculate 2 + -9 + (10 - 4).
-1
(-6 + 2 - -5) + (-1 - 2)
-2
What is the value of 0 + 1 - (0 - 3)?
4
What is the value of 5 + 3 + -9 - 0?
-1
Calculate -10 + (5 - (12 - 6)) + 7.
-4
What is the value of 1 + -7 + 3 + -2?
-5
-6 - (-8 - -6 - (0 - -4))
0
Calculate -2 - (2 - 2) - -4.
2
99 - 105 - (0 + -5)
-1
Calculate 15 + -7 - 15 - -5.
-2
Evaluate -1 + 9 - (-1 - (-10 - 6)).
-7
Evaluate 27 + -24 - (-3 - (2 - 3)).
5
What is (3 - (9 + -2)) + 0?
-4
What is 1 - -1 - 5 - (-2 - -1)?
-2
What is -8 - ((-3 - 0) + -2) - -2?
-1
What is 0 + (4 - -3) + -6?
1
2 + (0 + 3 - 0 - 1)
4
-7 - -1 - (-12 + 8)
-2
1 + (-4 + 2 - 3)
-4
Evaluate 1 + (-15 - -9) - (0 + -1).
-4
Evaluate -2 + 3 + -5 + 1 + 7.
4
What is the value of 2 + -1 + (-16 + 11 - -1)?
-3
(23 - (43 - 10)) + (5 - -1)
-4
Calculate -5 + -1 + (21 + -14 - 10).
-9
1 + -12 + -1 + 4 - -3
-5
Evaluate -5 + (0 - -1) + 14 + -12.
-2
Calculate (-3 - -8) + -3 + 1 + -1.
2
Evaluate 15 + (-10 - 0) + 3.
8
What is -1 - (-11 - (3 + 1 + -12))?
2
Calculate (-2 - -5) + -7 - (4 + -3).
-5
-4 - (1 - (4 + -2))
-3
What is 0 - -1 - (1 + 2 - -3)?
-5
Calculate (5 - -1 - (-26 - -29)) + -9.
-6
What is -2 + -22 + 9 + 8?
-7
Evaluate 1 - (1 + (3 - 4)).
1
What is -3 + (-2 - -4 - (1 + 0))?
-2
2 - 19 - -9 - -15
7
What is 10 - (0 - -4) - (2 + 1)?
3
What is the value of 0 + 1 + 3 + -5 - 4?
-5
Calculate 7 + (0 - -2) + -13.
-4
Evaluate -3 - (5 + (-6 - 5)).
3
Calculate 8 + -5 + 3 + -5.
1
What is the value of -3 + -1 + -19 + 19?
-4
4 + -2 - (9 - 5)
-2
Evaluate 2 - (-4 - -4) - (2 + 3).
-3
(1 - (2 - 3)) + 38 + -40
0
Calculate -6 + 17 - 6 - 10.
-5
(18 - 5) + 20 + -37
-4
Calculate -7 - 4 - -4 - (1 + -2).
-6
What is the value of 85 + -85 - (-1 + 0)?
1
What is the value of 0 - 5 - (-9 - -1)?
3
4 + -2 + 1 + (1 - 5)
-1
0 + 3 + -2 + (3 - 0)
4
-3 